{"id":133,"date":"2018-09-27T14:06:43","date_gmt":"2018-09-27T12:06:43","guid":{"rendered":"http:\/\/test.musiksyndikat.de\/syndikat\/?page_id=133"},"modified":"2021-02-05T09:59:44","modified_gmt":"2021-02-05T08:59:44","slug":"mitglieder","status":"publish","type":"page","link":"http:\/\/test.musiksyndikat.de\/syndikat\/mitglieder\/","title":{"rendered":"Mitglieder"},"content":{"rendered":"<h3>Mitglieder beim Musiksyndikat Ruhr e.V.<\/h3>\n<p><strong>Pankultur e.V.<\/strong><br \/>\n<a href=\"https:\/\/pankultur.de\/\" target=\"_blank\" rel=\"noopener noreferrer\">https:\/\/pankultur.de\/<\/a><\/p>\n<p><a href=\"https:\/\/mabu-musik.de\" target=\"_blank\" rel=\"noopener noreferrer\"><strong>Martin Buschmann<\/strong><\/a><br \/>\nTrio Glen Buschmann, What Ever Works, <a href=\"https:\/\/salon4b.de\" target=\"_blank\" rel=\"noopener noreferrer\">Salon 4b<\/a><\/p>\n<p><a href=\"https:\/\/enriqueplazaola.com\" target=\"_blank\" rel=\"noopener noreferrer\"><strong>Enrique Plazaola<\/strong><\/a><br \/>\n<a href=\"https:\/\/moai-project.com\" target=\"_blank\" rel=\"noopener noreferrer\">MOAI Project<\/a>, What Ever Works<\/p>\n<p><strong>Rainer Buschmann<\/strong><br \/>\n<a href=\"https:\/\/salon4b.de\" target=\"_blank\" rel=\"noopener noreferrer\">Salon 4b<\/a><\/p>\n<p><strong>Bea Bernert<\/strong><br \/>\n<a href=\"https:\/\/salon4b.de\" target=\"_blank\" rel=\"noopener noreferrer\">Salon 4b<\/a><\/p>\n<p><strong>Haldun \u00dcnan<\/strong><br \/>\nWhat Ever Works<\/p>\n<p><strong>Michael Lohmann<\/strong><\/p>\n<p><strong>Franziska Gr\u00f6pel<\/strong><\/p>\n<p><strong>J\u00fcrgen Bruhn<\/strong><br \/>\n<a href=\"https:\/\/salon4b.de\" target=\"_blank\" rel=\"noopener noreferrer\">Salon 4b<\/a><\/p>\n<p><strong>Astrid Wissuwa<\/strong><br \/>\nWhat Ever Works<\/p>\n<p><strong>Klara Brandi<\/strong><\/p>\n<p><strong>Miroslav Tybora<\/strong><br \/>\n<a href=\"https:\/\/www.tyck.de\" target=\"_blank\" rel=\"noopener noreferrer\">TyCK<\/a><\/p>\n<p><strong>Heike Trimpert<\/strong><\/p>\n<p><b>Jin Urayama<\/b><\/p>\n<p><strong>Andreas Zelewski<\/strong><\/p>\n<p><strong>Marcus Fornefeld<\/strong><br \/>\nWhat Ever Works<\/p>\n<p><strong>Dietrich Eickelpasch<\/strong><\/p>\n","protected":false},"excerpt":{"rendered":"<p>Mitglieder beim Musiksyndikat Ruhr e.V. Pankultur e.V. https:\/\/pankultur.de\/ Martin Buschmann Trio Glen Buschmann, What Ever Works, Salon 4b Enrique Plazaola MOAI Project, What Ever Works Rainer Buschmann Salon 4b Bea Bernert Salon 4b Haldun \u00dcnan What Ever Works Michael Lohmann Franziska Gr\u00f6pel J\u00fcrgen Bruhn Salon 4b Astrid Wissuwa What Ever Works Klara Brandi Miroslav Tybora [&hellip;]<\/p>\n","protected":false},"author":1,"featured_media":0,"parent":0,"menu_order":0,"comment_status":"closed","ping_status":"closed","template":"","meta":[],"_links":{"self":[{"href":"http:\/\/test.musiksyndikat.de\/syndikat\/wp-json\/wp\/v2\/pages\/133"}],"collection":[{"href":"http:\/\/test.musiksyndikat.de\/syndikat\/wp-json\/wp\/v2\/pages"}],"about":[{"href":"http:\/\/test.musiksyndikat.de\/syndikat\/wp-json\/wp\/v2\/types\/page"}],"author":[{"embeddable":true,"href":"http:\/\/test.musiksyndikat.de\/syndikat\/wp-json\/wp\/v2\/users\/1"}],"replies":[{"embeddable":true,"href":"http:\/\/test.musiksyndikat.de\/syndikat\/wp-json\/wp\/v2\/comments?post=133"}],"version-history":[{"count":7,"href":"http:\/\/test.musiksyndikat.de\/syndikat\/wp-json\/wp\/v2\/pages\/133\/revisions"}],"predecessor-version":[{"id":318,"href":"http:\/\/test.musiksyndikat.de\/syndikat\/wp-json\/wp\/v2\/pages\/133\/revisions\/318"}],"wp:attachment":[{"href":"http:\/\/test.musiksyndikat.de\/syndikat\/wp-json\/wp\/v2\/media?parent=133"}],"curies":[{"name":"wp","href":"https:\/\/api.w.org\/{rel}","templated":true}]}}